+ 14/2. Suppose -4*n + 20 = -20. What are the prime factors of s/5*n/3?
2
Suppose -2*f - 19 - 13 = 5*b, 0 = -5*f + 5*b - 10. Let o = -10 - f. What are the prime factors of 1068/66 - o/(-22)?
2
Let w = 3 + 0. Suppose w - 1 = 2*i. List the prime factors of (i*-2)/((-7)/28).
2
Suppose -3*l = p - l - 107, 2*l = -4*p + 416. List the prime factors of p.
103
Let r be 4/((-12)/(-333)) + 0. Suppose 5*m = -3*p + 79, -3*p + 0*m = -3*m - r. Suppose 6*l - p = 3*l. What are the prime factors of l?
11
Let w = 51 + -25. List the prime factors of w.
2, 13
Let u = -23 + 51. What are the prime factors of u?
2, 7
Let r(o) = -o**2 + 1. Let w(b) = 5*b**2 - 2*b. Let f(n) = -r(n) - w(n). Let k be f(1). Let c = k - -19. What are the prime factors of c?
2
Let n(c) = 3*c + 6. List the prime factors of n(11).
3, 13
Let f(x) = -34*x**3 - x**2 + 1. What are the prime factors of f(-1)?
2, 17
Let b = 4 + -1. Suppose 5*h = -a - 1, -2*h + 0*h - 68 = b*a. What are the prime factors of a/(-4 + (0 - -2))?
13
Suppose 0 = -4*l - 7*l + 2134. List the prime factors of l.
2, 97
Let h(j) = j + 11. Let i be h(-8). Let m be (-16)/(-6) + i/9. Suppose -g = m*w - 14, 3*w + 3*g + g - 20 = 0. What are the prime factors of w?
2
Suppose 4*f + 2*j - 30 = 0, 5*j - 1 = 2*f + 14. Suppose u + f = 1. Let w = 0 - u. What are the prime factors of w?
2
Let i(n) = n**3 + 6*n**2 + n - 2. What are the prime factors of i(-5)?
2, 3
Let v be 15*(3 + (3 - 5)). Suppose -4*b + v = -3*b. Suppose 2*n - 7 = b. What are the prime factors of n?
11
Suppose 2*z - 249 = -3*t, -564 = -5*z + t + 101. List the prime factors of z.
2, 3, 11
Let a(g) = -35*g**3 - g**2 - g - 1. What are the prime factors of a(-1)?
2, 17
Let i be ((-3)/1 - -3) + 1. Suppose 2*t - 5 - 5 = 0. Let l = i + t. What are the prime factors of l?
2, 3
Let p be (-4)/(-3)*6/2. Suppose -p*j - 21 = -j. What are the prime factors of ((-12)/j)/(1/7)?
2, 3
Suppose -2*l + 22 + 21 = c, -5*l + 85 = -2*c. List the prime factors of l.
19
Let f = -7 + 9. List the prime factors of f.
2
Let v(k) = -k**3 + 9*k**2 - 8*k + 3. Let t be v(8). Suppose t*y + 40 = 5*h, 2*h + 8 = 3*h + 2*y. Suppose j - h = -j. What are the prime factors of j?
2
Let z(y) = -y - 1. Let v be z(-1). Let w = 4 - 1. List the prime factors of (w + v)/((-6)/(-8)).
2
Suppose 0 = -4*m + 12, 168 = 3*c + 4*m. What are the prime factors of c?
2, 13
Let z be (6/4)/((-12)/(-8)). Let x = z - -1. What are the prime factors of x?
2
Suppose 0 = -2*l + 88 + 78. List the prime factors of l.
83
Suppose -2*w = -50 - 38. What are the prime factors of w?
2, 11
Let g be (-38)/4*(0 - 2). Let m = 12 - g. Let y(n) = -n**3 - 6*n**2 + 6*n + 4. List the prime factors of y(m).
11
Let n(j) = 3*j + 2. Let x be n(2). Suppose 3*w - 2*v - x = 5*w, -2*w + 12 = -2*v. Suppose w + 15 = z. What are the prime factors of z?
2
What are the prime factors of 269/7 + 12/21?
3, 13
Let l(t) = t + 5. Let r be l(-11). Let i(u) = u + 13. List the prime factors of i(r).
7
Let t be (-3 + (2 - 0))*-6. Let u be (36/(-16))/(t/(-16)). Let y(g) = -g**2 + 8*g - 1. List the prime factors of y(u).
11
Let m(c) = -28*c + 1. Let z be (-21)/(-7) - 2*2. What are the prime factors of m(z)?
29
Suppose 3*p = -2*p + 3*t + 49, 4*t = -2*p + 4. Suppose p*z = 3*z + 45. Suppose 11 + z = 5*m. List the prime factors of m.
2
Suppose -u - 3*u = -80. Suppose 2*q - u = 36. Suppose 0 = -4*b + q + 28. List the prime factors of b.
2, 7
Let r be 31*-1*(0 - -1). Suppose -3*p = -5*v - 137 + 42, -2*p = -5*v - 100. Let w = v - r. List the prime factors of w.
3
Let j be 48/(-9)*12/(-8). Suppose 9*u - j*u = 4. List the prime factors of u.
2
Suppose 0 = 4*y - 7 - 5. Suppose -6 = -y*a + 5*n + 16, 14 = 5*a + 3*n. List the prime factors of 56/12 + a/(-6).
2
Let t be 3 + -2 - (9 + 0). Let z(g) = -g**2 - 12*g + 16. Let x(i) = -i**2 - 11*i + 15. Let r(n) = -7*x(n) + 6*z(n). What are the prime factors of r(t)?
3, 5
Let d(v) = -v + 3. Let u be d(1). What are the prime factors of (-58)/4*(-4)/u?
29
Suppose 12*l - 142 = 434. What are the prime factors of l?
2, 3
Suppose -18 = f - 4*f. Suppose -5*x + 13 = h, 0 = -4*x - 4*h + 9 + 11. Let g = x + f. What are the prime factors of g?
2
Suppose -67 = 3*b - n - 173, 114 = 3*b + 3*n. Suppose -5*i - 35 = -5*y + 10, -3*i = -4*y + b. What are the prime factors of y?
3
Let b = -3 + 3. Suppose 0 = -0*x + 2*x - 5*a - 16, b = -a - 2. Suppose -x*k - 2*k = -20. List the prime factors of k.
2
Suppose 2*k - k - 4 = 3*h, 0 = -3*k - 4*h + 77. Suppose 4*d - k + 3 = 0. Suppose 0 = 5*p - d*a - 39, a - 15 - 22 = -3*p. What are the prime factors of p?
11
Suppose -3*p - 435 - 96 = -3*i, 3*i = 4*p + 534. Let x be (4/6)/(4/i). Suppose -24 = -5*q - 2*t + x, -3*t = 2*q - 30. List the prime factors of q.
3
Suppose 3*n - 3*g + 39 = 0, 8*g - 30 = 2*n + 4*g. List the prime factors of -1*(1 - -1) - n.
3
Let f = -3 - -14. Suppose -g + 8 = -12. Let c = g - f. List the prime factors of c.
3
Let j(i) be the first derivative of -i**4/4 + 2*i**3 + 4*i**2 + i + 2. Suppose -6 - 1 = -k. What are the prime factors of j(k)?
2
Suppose -3*h = -10 - 2. Let s(a) = 11*a - 23. Let u(d) = 5*d - 11. Let j(k) = 6*s(k) - 13*u(k). List the prime factors of j(h).
3
Let y be 10*(10/(-4) - -2). Let u(r) = -r**3 + r**2 + 8*r - 7. Let k(i) = -i**3 + 8*i - 8. Let x(t) = y*k(t) + 6*u(t). List the prime factors of x(7).
5
Let f(g) = g + 2. Let k be f(-2). Suppose -o + 20 + 9 = k. What are the prime factors of o?
29
Let k = 375 - 265. List the prime factors of k.
2, 5, 11
Suppose 88 = -t + 3*t. List the prime factors of t.
2, 11
Let a be (-64)/(6 - 2) - -3. Let d = a - -39. What are the prime factors of d?
2, 13
Let s = 7 + -4. Suppose 2*y + 0*l + 1836 = -s*l, -5*l - 20 = 0. What are the prime factors of y/(-66) - 2/(-11)?
2, 7
Suppose 3*p - 5 = -2*p. Let k = 9 - p. Suppose -y = y - k. List the prime factors of y.
2
Let x = -87 + 238. List the prime factors of x.
151
Let w(y) = 5*y - 8. List the prime factors of w(9).
37
Let z be -2 + (-1 - -1) - -4. List the prime factors of z*1/(-4)*-4.
2
Suppose 0 = -5*i + 2*i. Suppose -4*f - 8 = -i*f. Let p = 4 + f. List the prime factors of p.
2
Suppose -3 = a - 2*r, 5*a - 4*r = 8 + 1. Suppose -3*d - 2*f = -17 - 54, 0 = -d - a*f + 28. What are the prime factors of d?
23
Let l be 4/(-22) - 53/11. Let m = l - -9. Let n(f) = f + 2. List the prime factors of n(m).
2, 3
Suppose 3*w = -2 - 7. Let j = 6 + w. List the prime factors of j.
3
Let i(j) = j**3 + 6*j**2 + 5*j + 4. Let h be i(-4). Suppose -4*c + 2*c = -d + 16, 3*c - h = -d. What are the prime factors of d?
2
Suppose 5*r = h - 30, 2*r - 4*h - h + 12 = 0. Let j be (-2)/7 + 158/14. Let t = j + r. List the prime factors of t.
5
Suppose -11 - 19 = 3*m. What are the prime factors of (-298)/m - 36/45?
29
Let o be (-830)/(-14) + 12/(-42). Suppose -3*h - o = 3*t + 121, 2*t + 4*h + 124 = 0. List the prime factors of 2/(-4) + t/(-4).
2, 7
Let m(p) = p**2 - 5*p + 4. Let t be m(4). Suppose t = -3*b + b - 2*j + 74, 3*j + 9 = 0. Suppose 2*a = -o + 16, 2*o - b = -o - 4*a. List the prime factors of o.
2
Let c = -3 + 6. Let o = -4 + c. Let l = o + 5. What are the prime factors of l?
2
Let u(x) = -3*x**2 - 2*x - 2. Let t be u(-2). Let f be (1 + 3/(-2))*t. Suppose w - 33 = -f*q, 4*q - 2*q - 12 = -w. What are the prime factors of q?
7
Let t(o) = o**2 - 9*o + 5. Let h be t(5). Let s be (-13)/(-4) + h/(-20). Suppose 2*w - s = 20. List the prime factors of w.
2, 3
Let g = 6 + 14. List the prime factors of g.
2, 5
Suppose -39 = -5*l - z, -4*z = -2*l + 10 + 10. Let n = l - -8. Suppose 2*v + 4 = n. List the prime factors of v.
2, 3
Suppose -3*a + 8*a - 169 = 3*j, -5*j - 60 = -2*a. What are the prime factors of a?
5, 7
Suppose f + 115 = 4*i, 4*i - 3 = -2*f + 103. Let z be (-3)/(-1)*18/27. What are the prime factors of (6 - z)*i/8?
2, 7
Let y be ((-6)/4)/(5/(-20)). What are the prime factors of y/15 - 93/(-5)?
19
Suppose 0 = v - b - 35, -v = v + 5*b - 56. What are the prime factors of v?
3, 11
Suppose -2*q = 3*m - 53, -44 = -m - 3*m + 4*q. Suppose 3*r + z - 4*z - m = 0, 0 = -4*r + z + 5. List the prime factors of r/(-2) + 18/3.
2, 3
Let c(a) = 81*a + 1. Let z be c(-1). Let x = 136 + z. Suppose -5*o - 5*t = 11 - x, 4*o - 2*t - 42 = 0. What are the prime factors of o?
2, 5
Suppose -12*u = -9*u - 171. List the prime factors of u.
3, 19
Let x be (3/6